{"id":4,"date":"2016-07-04T16:15:59","date_gmt":"2016-07-04T14:15:59","guid":{"rendered":"http:\/\/www.mousquefriches.fr\/?page_id=4"},"modified":"2016-12-17T16:21:53","modified_gmt":"2016-12-17T15:21:53","slug":"mousquefriches","status":"publish","type":"page","link":"https:\/\/www.mousquefriches.fr\/","title":{"rendered":"Accueil"},"content":{"rendered":"<p align=\"justify\"><span style=\"font-size: large;\"><b>Pr\u00e9sentation de l&rsquo;association :<br \/>\n<\/b><\/span><\/p>\n<p align=\"justify\"><span style=\"font-size: large;\">\u00a0 Mousquefriches est une association loi 1901 qui se propose comme une alternative dissidente et r\u00e9sistante menant des actions sociales au quotidien par et pour le peuple face \u00e0 l&rsquo;ancien monde. Nous ne nous r\u00e9clamons d&rsquo;aucune ob\u00e9dience politique, religieuse\u00a0 ou syndicaliste.<\/span><\/p>\n<p align=\"justify\"><span style=\"font-size: medium;\"><i><b>Nos objectifs\u00a0:<\/b><\/i><\/span><\/p>\n<ul>\n<li><span style=\"font-size: medium;\">Rassembler et \u00e9veiller les consciences afin d&rsquo;inventer et de mettre en \u0153uvre une alternative au syst\u00e8me capitaliste et mondialiste actuel impos\u00e9 par une \u00e9lite oligarchique politique et intellectuelle. L&rsquo;alternative que nous proposons se veut essentiellement citoyenne, \u00e9cologique et fraternelle.<\/span><\/li>\n<li><span style=\"font-size: medium;\">Cr\u00e9er un lieu alternatif convivial.<\/span><\/li>\n<\/ul>\n<p align=\"justify\"><span style=\"font-size: medium;\"><i><b>Nos activit\u00e9s :<\/b><\/i><\/span><\/p>\n<ul>\n<li><span style=\"font-size: medium;\">Organiser des actions pacifiques pour d\u00e9noncer et lutter contre le syst\u00e8me actuel.<\/span><\/li>\n<li><span style=\"font-size: medium;\">Soutenir des initiatives qui nous semblent pertinentes en coh\u00e9sion avec les valeurs de l&rsquo;association.<\/span><\/li>\n<li><span style=\"font-size: medium;\">L&rsquo;organisation de d\u00e9bats d\u00eenatoires et de conf\u00e9rences sur divers th\u00e8mes soci\u00e9taux afin d&rsquo;amener mati\u00e8re \u00e0 la r\u00e9flexion pour une ouverture \u00e0 la multitude des points de vues.<\/span><\/li>\n<li><span style=\"font-size: medium;\">La lutte contre le gaspillage alimentaire qui comprend la collecte et la redistribution des invendus alimentaires r\u00e9cup\u00e9r\u00e9s avec l&rsquo;aide du collectif <a href=\"http:\/\/lafratriedesglaneurssolidaire.over-blog.com\/2015\/03\/bienvenue-sur-le-blog-de-la-fratrie-des-glaneurs-solidaires-grenoblois.html\">\u00ab\u00a0La fratrie des glaneurs solidaires Grenoblois \u00bb<\/a>.<\/span><\/li>\n<li><span style=\"font-size: medium;\">Tenir des permanences au sein de notre local <\/span><span style=\"font-size: medium;\">d<\/span><span style=\"font-size: medium;\">\u00e8<\/span><span style=\"font-size: medium;\">s que nous en aurons un, afin d&rsquo;accueillir <\/span><span style=\"font-size: medium;\">avec nos adh\u00e9rent(e)s<\/span> <span style=\"font-size: medium;\">les<\/span><span style=\"font-size: medium;\"> nouveaux adh\u00e9rent<\/span><span style=\"font-size: medium;\">(e)<\/span><span style=\"font-size: medium;\">s <\/span><span style=\"font-size: medium;\">et sympathisant(e)s de l&rsquo;association<\/span><span style=\"font-size: medium;\">. <\/span><span style=\"font-size: medium;\">App<\/span><span style=\"font-size: medium;\">orter un soutien alimentaire, mat\u00e9riel, <\/span><span style=\"font-size: medium;\">affectif<\/span> <span style=\"font-size: medium;\">et<\/span><span style=\"font-size: medium;\"> humain \u00e0 celles et ceux qui viennent nous solliciter et qui <\/span><span style=\"font-size: medium;\">en exprime<\/span><span style=\"font-size: medium;\">nt<\/span><span style=\"font-size: medium;\"> le besoin. <\/span><span style=\"font-size: medium;\">Ce lieu sera destin\u00e9<\/span> <span style=\"font-size: medium;\">\u00e0 accueillir chacun(e)<\/span><span style=\"font-size: medium;\"> pour discuter, se reposer, prendre un ver<\/span><span style=\"font-size: medium;\">re<\/span><span style=\"font-size: medium;\">, \u00eatre \u00e9cout<\/span><span style=\"font-size: medium;\">\u00e9(e)<\/span><span style=\"font-size: medium;\">, recevoir un c\u00e2lin ou participer aux diverses activit\u00e9s et <\/span><span style=\"font-size: medium;\">\u00e9v\u00e9nements <\/span><span style=\"font-size: medium;\">propos<\/span><span style=\"font-size: medium;\">\u00e9s<\/span><span style=\"font-size: medium;\"> au local. Dans ce lieu, une petite zone de gratuit\u00e9<\/span> <span style=\"font-size: medium;\">ainsi<\/span> <span style=\"font-size: medium;\">qu&rsquo;<\/span><span style=\"font-size: medium;\">un jardin partag\u00e9 pour l&rsquo;autosuffisance alimentaire <\/span><span style=\"font-size: medium;\">verra le jour<\/span><span style=\"font-size: medium;\">.<\/span><\/li>\n<\/ul>\n","protected":false},"excerpt":{"rendered":"<p>Pr\u00e9sentation de l&rsquo;association : \u00a0 Mousquefriches est une association loi 1901 qui se propose comme une alternative dissidente et r\u00e9sistante menant des actions sociales au quotidien par et pour le peuple face \u00e0 l&rsquo;ancien monde. Nous ne nous r\u00e9clamons d&rsquo;aucune ob\u00e9dience politique, religieuse\u00a0 ou syndicaliste. Nos objectifs\u00a0: Rassembler et \u00e9veiller les consciences afin d&rsquo;inventer et&#8230; <\/p>\n<div class=\"link-more\"><a href=\"https:\/\/www.mousquefriches.fr\/\">En savoir plus<\/a><\/div>\n","protected":false},"author":1,"featured_media":0,"parent":0,"menu_order":0,"comment_status":"closed","ping_status":"closed","template":"","meta":[],"_links":{"self":[{"href":"https:\/\/www.mousquefriches.fr\/index.php\/wp-json\/wp\/v2\/pages\/4"}],"collection":[{"href":"https:\/\/www.mousquefriches.fr\/index.php\/wp-json\/wp\/v2\/pages"}],"about":[{"href":"https:\/\/www.mousquefriches.fr\/index.php\/wp-json\/wp\/v2\/types\/page"}],"author":[{"embeddable":true,"href":"https:\/\/www.mousquefriches.fr\/index.php\/wp-json\/wp\/v2\/users\/1"}],"replies":[{"embeddable":true,"href":"https:\/\/www.mousquefriches.fr\/index.php\/wp-json\/wp\/v2\/comments?post=4"}],"version-history":[{"count":17,"href":"https:\/\/www.mousquefriches.fr\/index.php\/wp-json\/wp\/v2\/pages\/4\/revisions"}],"predecessor-version":[{"id":128,"href":"https:\/\/www.mousquefriches.fr\/index.php\/wp-json\/wp\/v2\/pages\/4\/revisions\/128"}],"wp:attachment":[{"href":"https:\/\/www.mousquefriches.fr\/index.php\/wp-json\/wp\/v2\/media?parent=4"}],"curies":[{"name":"wp","href":"https:\/\/api.w.org\/{rel}","templated":true}]}}